t u = -19 - -19. Let c(f) = f**3 + 6*f**2 + 5. Let g be c(-6). Let s = g + u. What is the units digit of s?
5
Let n = -5 + 5. Let x be (-2)/(-2 + n)*0. Suppose -5*d + 5*q = x, -6 = d - q - 3*q. What is the units digit of d?
2
Let r be 2/7 + 201/7. Suppose -v = -j - r, v + j = 5 + 18. What is the units digit of v?
6
Suppose 0 = -f + 2*f - 75. What is the units digit of f?
5
Suppose -r = -2*n + 1, n - 3*n + 2*r = -2. Suppose 8 = -4*f - n*f. What is the units digit of 58/10 + f/(-10)?
6
Suppose -4*h + 48 = -0*h. What is the tens digit of (-17 + 3)*h/(-14)?
1
Suppose 0 = -2*z + 3*z - 12. Let o = z + 28. What is the tens digit of o?
4
Suppose 15 = -5*h, -8*h + 388 = 4*n - 4*h. What is the tens digit of n?
0
What is the tens digit of 12 - (-4 - (-12)/4)?
1
Let p be 30/5 + 2/2. Let r(g) = -5*g + 4*g - 4 + p. What is the units digit of r(0)?
3
Let i(r) = r + 14. Let c be i(-10). Suppose -3*u = -6*u - 3*y + 12, c*y + 8 = -u. Suppose k + 3 = -4*h + 16, -5*k + u = h. What is the units digit of k?
1
Suppose 3*y - 24 = -4*n, 0*y - 2*y = 3*n - 19. Suppose 7 = -c - 2*a, -c + 2*a = -22 + n. What is the units digit of c?
3
What is the units digit of (1 + (-2 - -36))/1?
5
Suppose -2*o = w - 8 + 2, 0 = 4*w + 3*o - 14. Suppose 3*x = -12, -x = -w*i + 2*x + 48. Let k = i - -4. What is the tens digit of k?
2
Let a = 10 - 13. What is the units digit of 1 + -2 + a + 14?
0
Suppose 12 = c - 3*c. Let a be (14/(-2))/(3/c). Suppose -5*w = 20, 2*r - 48 = 5*w - a. What is the units digit of r?
7
Let b(i) = 3*i - 1. Let v be b(1). Suppose v*o - 12 + 0 = 0. What is the units digit of ((-4)/o)/((-4)/54)?
9
Suppose 7*b = 4*b. Suppose -5*q + 70 = -2*u - 25, b = 3*q - 2*u - 53. What is the units digit of q?
1
Suppose 3*u - 21 = -2*w, -2*u + 5*u = -w + 18. Let x be -3*(-10)/(-6)*-1. Suppose -4*z + 76 = -2*f, x*z = w*f - 2*f + 89. What is the tens digit of z?
1
Suppose 0 = 5*g, -5*g + 43 - 3 = 4*c. Let d = -7 + c. What is the units digit of (-2)/(-1) + 2*d?
8
Suppose 4*k = k - 3*u + 342, 0 = -5*k - 2*u + 564. What is the tens digit of k?
1
Let f = -8 + 27. What is the tens digit of f?
1
What is the tens digit of 6/21 - (-290)/14?
2
Suppose 4*z = 80 + 56. What is the units digit of z?
4
Suppose 2*p + 4*x - 148 = 6*x, x - 230 = -3*p. What is the tens digit of p?
7
Let k be (-2)/(-8) - (-3)/(-12). Suppose 38 = 2*q - k*q. What is the units digit of q?
9
Suppose 0 = -w + 3*k - 8 - 0, 4 = 4*w - 3*k. Let t = 1 + w. What is the units digit of t?
5
Let p(m) = 12*m + 12. What is the tens digit of p(5)?
7
Let m = -12 + 59. Let w = -34 + m. What is the units digit of w?
3
Let t be (-10)/5 + 0/2. Let q = 0 - t. Let y = 4 - q. What is the units digit of y?
2
What is the tens digit of (7 + -135)/(-3 - -1)?
6
Let f(j) = 3*j - 2*j - 4*j**2 + 5*j**2 + 12*j**2. What is the tens digit of f(-1)?
1
Let w be (-4)/(-14) + 78/21. Suppose -w*s + 13 = -7. Suppose 2*q + s*x + 10 = 0, -q + 4*x = -35 + 14. What is the units digit of q?
5
Let i(k) = k**2 - 4*k. Let r be i(3). Let t(f) = f + 3. Let c be t(7). What is the units digit of c/(-6)*r - -2?
7
Let w(c) = -c**3 + 6*c**2 - 5*c + 2. Let o be w(5). Suppose 6*g = o*g + 104. Suppose 0 = d - 5*j - 14, -5*d + 2*j + g = -j. What is the units digit of d?
4
Let l(x) = -2*x**3 - 5*x**2 + 19*x - 9. What is the tens digit of l(-6)?
2
Let g(o) = -5*o**2 + 14*o - 2. Let y(i) = i**2 - i - 1. Let x(s) = g(s) + 6*y(s). What is the units digit of x(-9)?
1
Suppose 31 = 6*j - 8*j - 3*n, 0 = 3*j - 4*n + 38. Let g = 35 + j. What is the tens digit of g?
2
Suppose -5*y + 7*y = 42. What is the tens digit of y?
2
Let n be (-2 - 0/1) + -34. Let j be 11/(-9) - 8/n. What is the units digit of j/(((-9)/(-12))/(-3))?
4
Suppose -3*t + 8*t + 30 = 0. Let k(l) = l**3 + 6*l**2 - 2*l - 9. Let f be k(t). Suppose 0 = -f*g - 0*g + 3. What is the units digit of g?
1
Suppose 0 = 5*v - p - p - 908, -v - 4*p + 164 = 0. What is the hundreds digit of v?
1
Let v = -169 + 263. What is the units digit of v?
4
Let v = -8 - -14. Let t(s) = -s**3 + 6*s**2 + 6. What is the units digit of t(v)?
6
Let h be 1 - 1 - (3 + -4). Let k = 15 + h. What is the tens digit of k?
1
Let n(w) = -w**2 + 17*w + 14. Let z(t) = -6*t - 5. Let f(l) = -2*n(l) - 7*z(l). What is the units digit of f(-5)?
7
Let w = 144 - 59. What is the units digit of w?
5
Let b = -32 - -45. Let l = b - -4. What is the tens digit of l?
1
Let k(v) = -v + 11. Let s be k(0). Suppose 0 = 7*d - 3*d + 4704. What is the units digit of d/(-66) + 2/s?
8
Let z(x) = -2*x**3 - x**2 + 2*x - 1. Suppose 4*f + 16 = 0, 5*v - f = 2*f + 2. What is the units digit of z(v)?
7
What is the tens digit of ((-32)/3)/(14/(-42))?
3
Let l = 0 - 1. Suppose -p - 12 = 4*c + c, 2*p = 5*c + 21. Let w = l + p. What is the units digit of w?
2
Let u(o) be the first derivative of o**3/3 - 5*o**2/2 + 6*o + 3. What is the units digit of u(5)?
6
Let m(k) = 6*k**2 + 8*k - 21. What is the tens digit of m(6)?
4
Let d(z) = -z**3 + 5*z**2 + 7*z - 7. Let x be d(5). Let j(v) = -v - 2. Let s be j(-3). What is the units digit of ((-21)/x)/(s/(-4))?
3
Let k(w) = 3*w**2 - 8 + 6*w - 2*w**2 - 2. Let i be k(-7). Let s(h) = -h**2 - 4*h - 1. What is the units digit of s(i)?
2
Let u be -1 - (2 - 1)*-1. Suppose u*j - 14 = -2*j. What is the units digit of j?
7
What is the units digit of (-2)/(-12) - 4984/(-48)?
4
Suppose 3*r - 74 = -4*z, 108 = 6*r - 2*r + 3*z. What is the units digit of r?
0
Suppose 5*q = -23 - 7. Let r = q - -9. Suppose 5*t = 5*x - 70, 2*x - 4*t + 4 = r*x. What is the units digit of x?
2
Let n(u) = -8*u**2 - 2*u - 4. Let v(b) = -b**2 - 1. Let m(c) = -n(c) + 6*v(c). Let d be m(-2). Suppose 0*k - d*k = -18. What is the units digit of k?
9
Let q be (-74)/2*(-1 - -2). Let s = q + 77. What is the units digit of s?
0
Suppose -2*o = 3*r - 8, o - 1 = -5*r + 17. What is the units digit of (o/5)/((-5)/50)?
4
Let m(l) = l**3 + 2*l**2 + 3*l + 32. What is the tens digit of m(0)?
3
Suppose -j = -v + 3, -3*v - 2 = j + 1. What is the units digit of (-6)/9 - 41/j?
3
Let l = -9 - 20. Let z = 40 + l. What is the units digit of z?
1
Suppose 0 = 5*c + j - 2 - 5, -5*j = 15. Suppose 3*z + 4*p - 18 = 0, -4*p - 12 = -c*z + p. What is the units digit of 1 + 2/(4/z)?
4
Let c be (-4 - -3)*(-1 + 51). What is the units digit of ((-42)/(-35))/((-3)/c)?
0
What is the tens digit of 256 + -12 - 5/(-1)?
4
Let d = 6 + -15. Let r = -4 - d. What is the units digit of r?
5
Suppose 528 = 5*l + 4*i, 7*l - 2*l = i + 543. What is the tens digit of l?
0
Let i(d) = 2*d**2 + 13*d + 10. What is the tens digit of i(-9)?
5
Let z(w) = 4*w. Let b be z(3). Suppose 0*g - b = -4*g. Suppose 2*j + g*j = -10, -3*k + 51 = 3*j. What is the tens digit of k?
1
What is the units digit of (-1)/3*39*-2?
6
Let p = -23 + 141. What is the hundreds digit of p?
1
Let v = -96 + 119. What is the units digit of v?
3
Suppose 5*j + 3*x - 8 = 6*x, 4*j - 3*x - 4 = 0. What is the units digit of j?
4
Suppose 0 = -t - 16 - 3. Let l = t - -23. What is the units digit of l?
4
What is the units digit of (-12 + 14)/(2/9)?
9
Let k = 121 - -82. What is the units digit of k?
3
Let q(z) = z**2 - 4*z + 4. What is the units digit of q(8)?
6
Let y be 38/34 + 8/(-68). What is the tens digit of 2 + 9/(y/1)?
1
Let w = 73 + -74. Let u(v) be the first derivative of -v**2/2 + v + 1. What is the units digit of u(w)?
2
Suppose 3*a + z = 5*z - 89, -3*a + 3*z = 87. Let i = -17 - a. Suppose 3*c - c + 2*g = 8, g = -3*c + i. What is the units digit of c?
3
Let v = 167 + -54. What is the tens digit of v?
1
Let s be -5 - (0 + 0)/(-2). What is the units digit of (-69)/(-5) + s/(-25)?
4
What is the hundreds digit of (-5)/(25/(-820)) + -3?
1
Let a = -7 + 7. Suppose 5*s + 0*s + 5 = 5*q, 5*q + 5*s - 45 = a. Let t = q + 0. What is the units digit of t?
5
Let q(s) = 29*s**2 - s. Let k be q(-1). Suppose -2*r + k = r. Suppose -n + 4*h - 11 = 0, 0*n - n + r = 3*h. What is the units digit of n?
1
Suppose 0 = z + 5*n - 7 + 23, -3*n - 16 = -z. Suppose 0 = -z*t + t + 66. What is the tens digit of t?
2
What is the hundreds digit of (-5 + -1 - -5)/((-2)/240)?
1
Let m be (-150)/10*(-1)/3. Let v = m - -12. What is the units digit of v?
7
Suppose 2*g + 10 = g. Let y be (1 - -4)*12/g. What is the units digit of 102/18 + 4/y?
5
Let x(o) = 11*o. Let j(q) = -q**3 + 3*q**2 + q - 2. Let n be j(3). What is the units